t is the hundreds digit of 7937?
9
What is the tens digit of 7707?
0
What is the units digit of 148004?
4
What is the units digit of 1204?
4
What is the ten thousands digit of 13588?
1
What is the hundreds digit of 13223?
2
What is the tens digit of 16059?
5
What is the thousands digit of 7658?
7
What is the ten thousands digit of 18852?
1
What is the units digit of 6887?
7
What is the tens digit of 4324?
2
What is the thousands digit of 28965?
8
What is the hundreds digit of 303?
3
What is the ten thousands digit of 11762?
1
What is the thousands digit of 19201?
9
What is the units digit of 3531?
1
What is the hundreds digit of 201128?
1
What is the tens digit of 748?
4
What is the units digit of 5815?
5
What is the hundreds digit of 8217?
2
What is the hundreds digit of 2392?
3
What is the thousands digit of 77244?
7
What is the units digit of 25463?
3
What is the units digit of 4586?
6
What is the units digit of 61663?
3
What is the hundreds digit of 504?
5
What is the units digit of 219?
9
What is the thousands digit of 89623?
9
What is the ten thousands digit of 12954?
1
What is the thousands digit of 21886?
1
What is the hundreds digit of 90290?
2
What is the tens digit of 8248?
4
What is the tens digit of 47717?
1
What is the thousands digit of 6268?
6
What is the hundreds digit of 9715?
7
What is the tens digit of 2439?
3
What is the units digit of 335?
5
What is the units digit of 1?
1
What is the tens digit of 85?
8
What is the tens digit of 949?
4
What is the thousands digit of 13778?
3
What is the tens digit of 45891?
9
What is the tens digit of 43421?
2
What is the hundreds digit of 11856?
8
What is the thousands digit of 1199?
1
What is the hundreds digit of 2312?
3
What is the tens digit of 7408?
0
What is the thousands digit of 13909?
3
What is the tens digit of 2237?
3
What is the thousands digit of 2804?
2
What is the tens digit of 9473?
7
What is the tens digit of 225?
2
What is the hundreds digit of 38468?
4
What is the tens digit of 29345?
4
What is the units digit of 260?
0
What is the units digit of 787?
7
What is the units digit of 7980?
0
What is the ten thousands digit of 13853?
1
What is the thousands digit of 3730?
3
What is the thousands digit of 13601?
3
What is the units digit of 9801?
1
What is the tens digit of 645?
4
What is the ten thousands digit of 14759?
1
What is the units digit of 2231?
1
What is the hundreds digit of 6097?
0
What is the ten thousands digit of 22324?
2
What is the tens digit of 160?
6
What is the thousands digit of 55935?
5
What is the hundreds digit of 7292?
2
What is the tens digit of 82040?
4
What is the tens digit of 1337?
3
What is the hundreds digit of 113554?
5
What is the units digit of 4441?
1
What is the ten thousands digit of 13733?
1
What is the units digit of 12287?
7
What is the tens digit of 25146?
4
What is the units digit of 1041?
1
What is the ten thousands digit of 13915?
1
What is the thousands digit of 13887?
3
What is the units digit of 469?
9
What is the hundreds digit of 12733?
7
What is the units digit of 1320?
0
What is the hundreds digit of 31710?
7
What is the units digit of 262?
2
What is the units digit of 42859?
9
What is the thousands digit of 2971?
2
What is the hundreds digit of 971?
9
What is the units digit of 15455?
5
What is the tens digit of 1060?
6
What is the hundreds digit of 2704?
7
What is the thousands digit of 17079?
7
What is the tens digit of 2994?
9
What is the tens digit of 6362?
6
What is the thousands digit of 21704?
1
What is the tens digit of 68?
6
What is the units digit of 8672?
2
What is the hundreds digit of 15723?
7
What is the tens digit of 50581?
8
What is the units digit of 3403?
3
What is the thousands digit of 34160?
4
What is the units digit of 1495?
5
What is the tens digit of 3326?
2
What is the tens digit of 932?
3
What is the thousands digit of 20727?
0
What is the hundreds digit of 1867?
8
What is the units digit of 18946?
6
What is the tens digit of 2192?
9
What is the tens digit of 998?
9
What is the units digit of 2447?
7
What is the tens digit of 1173?
7
What is the hundreds digit of 102?
1
What is the ten thousands digit of 39639?
3
What is the thousands digit of 2939?
2
What is the thousands digit of 5342?
5
What is the thousands digit of 9010?
9
What is the tens digit of 1240?
4
What is the hundreds digit of 2214?
2
What is the tens digit of 2246?
4
What is the units digit of 6?
6
What is the thousands digit of 66798?
6
What is the thousands digit of 39104?
9
What is the tens digit of 263?
6
What is the ten thousands digit of 71155?
7
What is the hundreds digit of 5574?
5
What is the hundreds digit of 10432?
4
What is the hundreds digit of 42966?
9
What is the thousands digit of 8917?
8
What is the hundreds digit of 2702?
7
What is the units digit of 4358?
8
What is the tens digit of 594?
9
What is the thousands digit of 32447?
2
What is the hundreds digit of 422?
4
What is the ten thousands digit of 37214?
3
What is the tens digit of 1380?
8
What is the units digit of 4059?
9
What is the ten thousands digit of 15645?
1
What is the hundreds digit of 51055?
0
What is the thousands digit of 124542?
4
What is the hundreds digit of 276?
2
What is the units digit of 796?
6
What is the tens digit of 1796?
9
What is the thousands digit of 2164?
2
What is the hundred thousands digit of 138094?
1
What is the units digit of 764?
4
What is the units digit of 454?
4
What is the hundreds digit of 2156?
1
What is the thousands digit of 2146?
2
What is the ten thousands digit of 13043?
1
What is the tens digit of 16069?
6
What is the hundred thousands digit of 111083?
1
What is the ten thousands digit of 47486?
4
What is the units digit of 61797?
7
What is the units digit of 1387?
7
What is the thousands digit of 9582?
9
What is the units digit of 753?
3
What is the hundreds digit of 47209?
2
What is the tens digit of 4124?
2
What is the units digit of 3844?
4
What is the hundreds digit of 100522?
5
What is the ten thousands digit of 149199?
4
What is the hundreds digit of 8435?
4
What is the units digit of 64?
4
What is the tens digit of 80301?
0
What is the tens digit of 739?
3
What is the tens digit of 1826?
2
What is the tens digit of 6720?
2
What is the thousands digit of 39592?
9
What is the tens digit of 19895?
9
What is the units digit of 181503?
3
What is the units digit of 445?
5
What is the hundreds digit of 1576?
5
What is the tens digit of 23973?
7
What is the tens digit of 862?
6
What is the units digit of 74?
4
What is the thousands digit of 3733?
3
What is the hundreds digit of 665?
6
What is the units digit of 2793?
3
What is the thousands digit of 27583?
7
What is the hundreds digit of 1154?
1
What is the hundreds digit of 1202?
2
What is the units digit of 3052?
2
What is the units digit of 928?
8
What is the tens digit of 1458?
5
What is the units digit of 98?
8
What is the hundreds digit of 15885?
8
What is the thousands digit of 2954?
2
What is the hundreds digit of 20229?
2
What is the thousands digit of 2139?
2
What is the units digit of 4944?
4
What is the tens digit of 1676?
7
What is the hundreds digit of 1038?
0
What is the units digit of 1034?
4
What is the units digit of 12004?
4
What is the tens digit of 1167?
6
What is the hundreds digit of 1238?
2
What is the hundreds digit of 566?
5
What is the hundreds digit of 1753?
7
What is the hundreds digit of 5456?
4
What is the thousands digit of 2466?
2
What is the tens digit of 703?
0
What is the tens digit of 28500?
0
What is the thousands digit of 5860?
5
What is the units digit of 1?
1
What is the units digit of 54750?
0
What is the units digit of 359?
9
What is the tens digit of 11177?
7
What is the thousands digit of 4733?
4
What is the tens digit of 143?
4
What is the units digit of 24369?
9
What is the thousands digit of 1421?
1
What is the hundreds digit of 4233?
2
What is the thousands digit of 1419?
1
What is the units digit of 87310?
0
What is the tens digit of 12424?
2
What is the hundreds digit of 10662?
6
What is the units digit of 122848?
8
What is the units digit of 11001?
1
What is the thousands digit of 13812?
3
What is the units digit of 4154?
4
What is the ten thousands digit of 16427?
1
What is the tens digit of 7301?
0
What